actors of 94862146.
2, 47431073
List the prime factors of 26857047.
3, 7, 182701
What are the prime factors of 418867344?
2, 3, 7, 415543
What are the prime factors of 225268870?
2, 5, 17, 1325111
What are the prime factors of 56745017?
7, 73, 293, 379
What are the prime factors of 545957707?
1087, 502261
What are the prime factors of 17858690?
2, 5, 1785869
What are the prime factors of 103134530?
2, 5, 23, 61, 7351
List the prime factors of 330903447.
3, 7, 43, 59, 6211
What are the prime factors of 121602447?
3, 13511383
What are the prime factors of 2788319633?
11, 253483603
What are the prime factors of 3659875706?
2, 1829937853
List the prime factors of 183042985.
5, 277, 283, 467
List the prime factors of 793146054.
2, 3, 132191009
What are the prime factors of 1221295245?
3, 5, 43, 1893481
What are the prime factors of 726082527?
3, 31, 7807339
List the prime factors of 769465357.
37, 487, 42703
What are the prime factors of 6397023255?
3, 5, 7, 787, 11059
List the prime factors of 5480604200.
2, 5, 47, 107, 5449
List the prime factors of 276262907.
19, 14540153
List the prime factors of 268504725.
3, 5, 787, 4549
What are the prime factors of 11058050?
2, 5, 109, 2029
What are the prime factors of 142874263?
7, 20410609
What are the prime factors of 265301668?
2, 3253, 20389
What are the prime factors of 4582084144?
2, 11, 37, 47, 1361
What are the prime factors of 2965037506?
2, 1482518753
List the prime factors of 88766293.
7, 11, 37, 4451
What are the prime factors of 1437355442?
2, 53, 101, 134257
What are the prime factors of 316145216?
2, 4939769
What are the prime factors of 232366248?
2, 3, 137, 23557
List the prime factors of 199037900.
2, 5, 1990379
List the prime factors of 107555516.
2, 547, 49157
List the prime factors of 798094983.
3, 7, 38004523
What are the prime factors of 22177062?
2, 3, 761, 1619
What are the prime factors of 871249865?
5, 251, 694223
What are the prime factors of 1966149044?
2, 197, 653, 3821
List the prime factors of 513990886.
2, 17, 15117379
List the prime factors of 125006898.
2, 3, 1913, 10891
List the prime factors of 66783928.
2, 8347991
List the prime factors of 37122233.
29, 641, 1997
List the prime factors of 1114732831.
19, 1987, 29527
What are the prime factors of 17835705?
3, 5, 396349
List the prime factors of 172848051.
3, 157, 122327
List the prime factors of 944834373.
3, 7, 47, 319093
List the prime factors of 16161811.
59, 273929
List the prime factors of 10323029.
17, 509, 1193
What are the prime factors of 18213930?
2, 3, 5, 7, 23, 419
List the prime factors of 37517331.
3, 593, 21089
List the prime factors of 443542103.
79, 97, 57881
What are the prime factors of 3498406238?
2, 1749203119
What are the prime factors of 791762562?
2, 3, 41, 1072849
What are the prime factors of 1409339816?
2, 176167477
What are the prime factors of 619626362?
2, 309813181
What are the prime factors of 22764447?
3, 31, 139, 587
List the prime factors of 2601169823.
7, 4831, 76919
List the prime factors of 781862150.
2, 5, 15637243
List the prime factors of 5791900.
2, 5, 17, 3407
List the prime factors of 1847418979.
7, 263916997
List the prime factors of 2155612014.
2, 3, 13306247
What are the prime factors of 19931234?
2, 37, 269341
List the prime factors of 2215861.
29, 109, 701
List the prime factors of 441367788.
2, 3, 41, 47, 19087
What are the prime factors of 366728945?
5, 11, 1153, 5783
What are the prime factors of 11640047?
23, 389, 1301
What are the prime factors of 969283630?
2, 5, 7, 13846909
What are the prime factors of 148246386?
2, 3, 101, 223, 1097
What are the prime factors of 7498066712?
2, 937258339
List the prime factors of 75392706.
2, 3, 61, 205991
List the prime factors of 116234897.
59, 1970083
List the prime factors of 820131790.
2, 5, 82013179
What are the prime factors of 63074796?
2, 3, 5256233
List the prime factors of 6687994.
2, 89, 37573
List the prime factors of 47552810.
2, 5, 4755281
List the prime factors of 237972696.
2, 3, 13, 457, 1669
What are the prime factors of 107963886?
2, 3, 23, 31, 25237
What are the prime factors of 1341984331?
73, 2543, 7229
What are the prime factors of 56291990?
2, 5, 5629199
List the prime factors of 22468277.
13, 1728329
List the prime factors of 114391844.
2, 7, 17, 240319
List the prime factors of 15235042.
2, 101, 199, 379
What are the prime factors of 730305215?
5, 137, 1066139
What are the prime factors of 208365828?
2, 3, 11, 101, 15629
What are the prime factors of 1656779385?
3, 5, 19, 211, 27551
What are the prime factors of 1095671074?
2, 3917, 139861
List the prime factors of 3017840463.
3, 11, 10161079
List the prime factors of 142329669.
3, 331, 143333
List the prime factors of 19855445.
5, 229, 17341
What are the prime factors of 218258964?
2, 3, 7, 11, 78737
What are the prime factors of 67960427?
29, 1031, 2273
What are the prime factors of 35364614?
2, 31, 109, 5233
List the prime factors of 150517892.
2, 7, 5375639
List the prime factors of 302901955.
5, 29, 2088979
What are the prime factors of 1054625412?
2, 3, 87885451
List the prime factors of 50226125.
5, 401809
List the prime factors of 3724601866.
2, 10433, 178501
What are the prime factors of 986019132?
2, 3, 7, 11738323
What are the prime factors of 3868230457?
7, 13, 503, 84509
List the prime factors of 637169553.
3, 47, 173, 8707
What are the prime factors of 348214403?
348214403
List the prime factors of 445592173.
13, 34276321
What are the prime factors of 2891783355?
3, 5, 192785557
List the prime factors of 194333905.
5, 59, 191, 3449
List the prime factors of 934707920.
2, 5, 2383, 4903
List the prime factors of 3576822471.
3, 397424719
List the prime factors of 1313475873.
3, 5953, 73547
What are the prime factors of 63038604?
2, 3, 5253217
List the prime factors of 199689861.
3, 7, 1531, 6211
List the prime factors of 97584798.
2, 3, 19, 45053
List the prime factors of 478617649.
23, 31, 43, 67, 233
List the prime factors of 2559274285.
5, 23, 31, 113, 6353
List the prime factors of 2025578602.
2, 29, 181, 192949
List the prime factors of 259229896.
2, 277, 116981
What are the prime factors of 209809551?
3, 7, 47, 212573
List the prime factors of 1137049309.
11, 71, 367, 3967
List the prime factors of 367326439.
859, 427621
List the prime factors of 133234057.
11, 12112187
What are the prime factors of 369839971?
599, 617429
List the prime factors of 46498472.
2, 19, 179, 1709
List the prime factors of 3252067142.
2, 2647, 614293
List the prime factors of 223356500.
2, 5, 446713
List the prime factors of 402665727.
3, 19, 31, 7351
List the prime factors of 5065750046.
2, 7, 23, 2247449
What are the prime factors of 733723697?
7, 14973953
What are the prime factors of 132056882?
2, 211, 312931
What are the prime factors of 2757819241?
31, 59, 101, 14929
List the prime factors of 814979403.
3, 7, 101, 263, 487
What are the prime factors of 6308199073?
11, 2377, 241259
What are the prime factors of 189247603?
491, 385433
What are the prime factors of 1213162941?
3, 404387647
What are the prime factors of 429819220?
2, 5, 21490961
What are the prime factors of 53763735?
3, 5, 3584249
List the prime factors of 192221337.
3, 7, 11, 73, 11399
What are the prime factors of 1668649723?
13, 1567, 6301
List the prime factors of 287811088.
2, 17, 19, 55691
List the prime factors of 633387632.
2, 17, 2328631
List the prime factors of 612659522.
2, 19, 16122619
List the prime factors of 292355002.
2, 6373, 22937
What are the prime factors of 85214619?
3, 7, 47, 53, 181
What are the prime factors of 56036040?
2, 3, 5, 71, 6577
What are the prime factors of 1386924997?
307, 4517671
List the prime factors of 10585001.
7, 53, 103, 277
List the prime factors of 44843926.
2, 17, 37, 43, 829
What are the prime factors of 1130248780?
2, 5, 73, 774143
What are the prime factors of 261846366?
2, 3, 59, 89, 8311
List the prime factors of 176960460.
2, 3, 5, 419, 7039
List the prime factors of 191438963.
41, 4669243
List the prime factors of 1903755508.
2, 31, 2713, 5659
What are the prime factors of 24845697?
3, 101, 3037
What are the prime factors of 244032602?
2, 11, 11092391
List the prime factors of 1004471999.
641, 1567039
List the prime factors of 59566